. Suppose z + 3*i - 7 = 0, 0 = -z - 12*i + 11*i - 3. Let y be u(z). Determine c(y).
8
Let l(a) = -2*a**3 - 2*a**2 - 6*a + 3. Let q(z) = -8*z**3 - 9*z**2 - 27*z + 14. Let n(t) = 9*l(t) - 2*q(t). Give n(3).
-55
Let z(k) = -k**2 - 5*k + 18. Let d(q) = 7*q**3 - 4*q**2 + 5*q + 8. Let s be d(-1). Give z(s).
-6
Let z(m) = m**3 + 10*m**2 - 12*m - 1. Let u be (-264)/(-36) - (-2)/3. Suppose 44 = -u*a - 44. Determine z(a).
10
Let f = 122226 + -122232. Let a(c) = 5*c**2 - 25*c - 9. Let l(r) = 2*r**2 - 12*r - 5. Let x(g) = -3*a(g) + 7*l(g). Calculate x(f).
10
Let g(a) = -2*a**2 + 0*a**2 - a**2 + a + 2*a**2. Let i(o) = -6*o + 12. Let y(r) = g(r) - i(r). Let s be y(3). Let t(w) = -w**2 - 1. Calculate t(s).
-1
Let v(y) = 167*y - 43*y - 59*y - 66 - 59*y. Calculate v(6).
-30
Let d(t) = 296*t**2 - 844*t**2 + 284*t**2 - t + 290*t**2. Calculate d(-1).
27
Let l(d) = 230 - 682 + 226 + 2*d + 241 - d**2. What is l(-5)?
-20
Let c = 3492 - 3494. Let y(m) = 4*m**2 - 2*m - 9. Calculate y(c).
11
Suppose 89*o + 29 - 130 - 522 = 0. Let l(v) be the first derivative of v**3/3 - 7*v**2/2 - 5*v + 2. Give l(o).
-5
Let g(u) = -3325*u + 4*u**2 - 5*u**2 + 3315*u - 8. Let l = -2 - 8. Determine g(l).
-8
Let q = 13 + -2. Let a(r) = -r**3 + 8*r**2 + 5*r - 1. Let b(n) = 3*n**3 - 24*n**2 - 16*n + 3. Let y(k) = q*a(k) + 4*b(k). Give y(9).
1
Suppose -4*s - 114 = s + 14*s. Let u(c) = 60*c + 362. Give u(s).
2
Let b(z) = 11*z + 10*z + 20*z + 13*z - 70*z - 12. Determine b(-4).
52
Let r = 6 + -1. Suppose -6*m - r*o = -2*m + 35, 4*o = m - 7. Let q(v) be the first derivative of -v**3/3 - 3*v**2/2 + 6*v + 2436. What is q(m)?
-4
Let y = -193 - -195. Let a(r) = 0*r**y - r**2 - 8 + 0*r**2 - 2. Calculate a(0).
-10
Let d be (6/(-15))/((-2)/20). Suppose 2*g = -4*f, 4*f + 0*f = 4*g. Let n(x) = 12*x + d + g*x**2 - 18 - x**2. Calculate n(10).
6
Let s = -4032 + 4073. Let g(x) = x**3 - 41*x**2 - 2*x + 78. Give g(s).
-4
Let d be 18 - (-3 - (-18)/6 - -7). Let w(v) = v**3 - 11*v**2 + v - 7. Determine w(d).
4
Let h(y) be the third derivative of y**5/60 + 7*y**4/24 - 3*y**3 + y**2 + 32. Let g be h(2). Let o(t) = -t + 6. Give o(g).
6
Let u(o) = 4*o**3 + 2*o**2 + 2*o + 3. Let g(n) = -90*n - 50 + 8 - 14 + 108*n. Let q be g(3). Determine u(q).
-25
Let o(i) be the third derivative of -i**4/12 - 5*i**3/6 - 10*i**2. Suppose -8 = -4*s, 29*x = 27*x + 4*s - 8. Calculate o(x).
-5
Let y(v) = 15 + 3247*v - 6506*v + 3261*v. Give y(-19).
-23
Let v(x) = -x**2 - 49*x - 571. Let c be v(-24). Let h(l) = l**2 - 20*l - 269. Determine h(c).
-8
Let l(z) = 41*z**2 - 241*z - 12. Let o be l(6). Let v(y) = -5*y + 47. Calculate v(o).
-43
Let y = -93 + 34. Let d = 61 + y. Let a(s) = 0*s**2 + 5 + d - 4 + 3*s - s**2. Give a(4).
-1
Let w be 3/(-2)*((-2)/12 - 18/(-12)). Let l(c) = 5*c**3 - 3*c**2 - c - 1. Calculate l(w).
-51
Let u(r) be the second derivative of -r**4/12 - 7*r**3/6 - 10*r**2 - 2658*r. What is u(-14)?
-118
Let x be (-5)/(10/(-68)) + 4/(-2). Let i(n) = -x - 28 + 87 - 30 - n. Let h(d) = -6*d**2 - 1. Let v be h(1). Determine i(v).
4
Let v(m) = -4*m + 10. Let c(p) = 3*p - 8. Let d(k) = 5*c(k) + 4*v(k). Let x(b) = b - 4. Let o(n) = 4*d(n) - x(n). Calculate o(3).
-11
Let k(t) = -t**3 + 11*t**2 - 19*t + 9. Let w be k(9). Suppose w = -55*n + 27*n + 25*n. Let q(j) = j**2 - j + 11. Calculate q(n).
11
Suppose z - o + 5*o - 41 = 0, 2*z = -o + 47. Let h(a) = -a**2 + 18*a + 11. Give h(z).
-52
Suppose 52*f + 39*f + 2*f + 465 = 0. Let n(v) = -v**2 - 11*v - 49. What is n(f)?
-19
Suppose 18 = -2*l - 0. Let z = 6465 - 6468. Let f be (77/21 + z)/((-2)/l). Let w(p) = 2*p - 4. What is w(f)?
2
Let n(w) = -791*w - 72. Let x(h) = 365*h + 35. Let s(m) = -6*n(m) - 13*x(m). Give s(-3).
-26
Let v(j) = j**3 + j**2 - 5*j - 2. Suppose 119 - 11 = 6*i. Suppose p + i = 15. Determine v(p).
-5
Let h(s) = -43*s + 180. Let k be ((-36)/21*18/(-36))/(18/84). Give h(k).
8
Let t = -74 + 39. Let z be 9/54 - (1 + t/6). Let u(s) = 2*s + 5 + 8 - z. Give u(-7).
-6
Let t(d) = -d + 1069. Let b(o) = -o + 686. Let u(i) = 8*b(i) - 5*t(i). Determine u(48).
-1
Let c(v) = -2*v - 4. Let i(s) = -9*s. Let q(b) = 2*b. Let g(a) = i(a) + 4*q(a). Let z(u) = u - 5. Let n be z(4). Let m(r) = n*c(r) - 5*g(r). Calculate m(3).
25
Let y(c) = 17*c**3 - 5*c**2 - 33*c - 49. Let i(k) = 5*k**3 - k**2 - 11*k - 16. Let l(w) = -7*i(w) + 2*y(w). What is l(-5)?
9
Let q(l) = -11*l**3 - 1. Let s(d) = 3*d - d**2 - 2 + 5 + 3*d**2 - 3*d**2. Let v be s(3). Suppose -5*r - 4*b + 25 = 0, v*r - 8 = -2*b + b. Determine q(r).
-12
Let c = 10408 + -10401. Let n(v) = 9*v - 49. Give n(c).
14
Let u = -3261 - -3265. Let b(q) = q**2 - 29*q + 101. Give b(u).
1
Let b(t) be the second derivative of -t**3/3 - t**2/2 + t. Let v be 2*3 - 11/((-77)/518). Suppose -57*q - v = -41*q. Determine b(q).
9
Let o(q) = -9*q - 11. Let u be 0/(2/(5 + -4)). Let r be 2 + -3 + (-1 - u). Let h(p) = 2*p + 2. Let f(j) = r*o(j) - 11*h(j). Calculate f(-4).
16
Let c(i) = -i**3 - i**2 + 5*i - 5. Let u be c(-3). Let l(a) = -23*a - 51. What is l(u)?
-5
Let b(w) be the second derivative of -w**3/2 + 22*w**2 + 587*w. Give b(9).
17
Let x(j) = j**3 + j**2 + 4*j - 3. Let b(k) = -k**3 + 68*k**2 - 482*k + 120. Let o be b(60). Calculate x(o).
-3
Let i(n) = -3 + 4*n - 6*n + 10 - 3 - 1. Let p(q) = 15*q + 66. Let z(s) = 3*s + 13. Let k(j) = 2*p(j) - 11*z(j). Let d be k(-5). Calculate i(d).
-5
Let n(s) be the third derivative of 5/24*s**4 + 0 + 1/120*s**6 + 0*s**3 + 74*s**2 - 1/10*s**5 + 0*s. What is n(4)?
-12
Let k(w) = w**3 + 5*w**2 - 11*w + 23. Let n = -4512 + 4505. What is k(n)?
2
Suppose -4*m + 809 - 193 = 0. Suppose m = -59*w + 57*w. Let t = w - -81. Let q(y) = -y**2 + 7*y - 5. Determine q(t).
7
Let r = -498 + 475. Let f(h) = -3*h - 67. Let q be f(r). Let s(g) = -17*g. Determine s(q).
-34
Let p be 6/(-4)*(-44)/33. Suppose -d - p*d - 2*i + 19 = 0, -2 = -i. Let w(b) = 14*b - 3*b - 6*b**2 + b**3 - 4*b - d. Give w(5).
5
Let y = -4762 + 4762. Let o(w) be the second derivative of 28*w + y*w**4 + 1/2*w**2 + 0 + 7/10*w**5 + 0*w**3. Give o(-1).
-13
Let c(u) = -5*u - 16. Let a(g) = g**3 - 6*g**2 - 3*g - 37. Let b be a(7). Give c(b).
29
Let s(v) = v**2 + 6*v - 6. Let k(h) be the third derivative of 5*h**4/4 - 125*h**3/6 - h**2 - 4*h. Let l be k(4). Give s(l).
-11
Let v(i) = 51*i**3 + 2*i - 49*i**3 + 4*i**2 + 3*i**2 - 1. Let t(u) = -u**3 - u**2 - 1. Let w(m) = 3*t(m) + v(m). Determine w(4).
4
Let x(b) = 616*b - 330*b - 2 - 5*b**2 - 311*b. Give x(-5).
-2
Let t(r) = r**3 + 12*r**2 + 16*r - 34. Suppose u + 22 = -2*k, 953*k = 2*u + 949*k - 4. Determine t(u).
6
Let c(k) be the second derivative of 329*k - 3/2*k**2 + 0 - 11/6*k**3 + 1/6*k**4. Give c(5).
-8
Let n = 8913 + -8903. Let b(h) = h**2 - 9*h - 7. Calculate b(n).
3
Suppose 5*j + 0*j = 15. Suppose -j = 2*l + 1. Let z(u) = -u**2 + 3*u + 1. Let a(i) = -i**2 + 7*i + 2. Let d(p) = 3*a(p) - 7*z(p). Calculate d(l).
15
Let r = -86 + 89. Let t(h) = -138*h**2 + 275*h**2 - h - 134*h**2 + 1 + h**r. Let l be (-1 + 0)*3/1. Give t(l).
4
Suppose 0 = -2*x - 5*q + 36 - 3, 3*q = 9. Suppose -x*m = 3*m - 180. Let g be 4/14 - m/(-21). Let f(v) = -v**3 + v**2. Calculate f(g).
0
Suppose 3*s = 2*s - 14. Let a be 38/s + (-12)/42. Let z(q) = q + 4. Let n(r) = -1. Let g(m) = -5*n(m) - z(m). Give g(a).
4
Let f = -55 - -53. Let p(y) = y**2 + 5*y - 13. Let h be p(-7). Let u(v) = 7 - h - 4 + 6*v. What is u(f)?
-10
Let q(o) = -o**3 + 2*o**2 + 6*o - 7. Suppose -5*x + 33 = -3*h, -x + 381*h + 15 = 379*h. Give q(x).
2
Let p(u) = 38 - 3 + 76*u - 16*u. Let g(b) = 21*b + 12. Let r(d) = -17*g(d) + 6*p(d). What is r(-7)?
-15
Let h(l) = -55 + 2*l + 51 - 27 - l. Give h(17).
-14
Let l(v) be the second derivative of v**4/6 + 5*v**3/3 + 7*v**2/2 + 13948*v. Give l(-10).
107
Suppose 8 = -2*q + 26. Let h(v) = -456 + 12*v - v**2 + 162 + 299. Determine h(q).
32
Let p(t) be the third derivative of t**6/120 + t**5/5 - 5*t**4/12 + t**3 + 1097*t**2. Determine p(-13).
-33
Let m(t) = 13 - 38 + 3*t + 15 + 13. Let z be ((-45)/10 + 5)/((-1)/(-10)). Calculate m(z).
18
Let f = 18103 + -18104. Let d(s) = -s**2 - s - 2*s**2 + 5*s**2 - 1. Calculate d(f).
2
Let u be 1*(1/(-5) - (-2)/10). Suppose u*c - 8 = -c - 2*t, 0 = 3*c + 4*t - 28. Suppose -8*p + c*p = 0. Let j(a) = a**2 + a - 20. Give j(p).
-20
Let w(v) be the third derivative of v**4/24 + 19*v**3/3 + v**2 + 162. Give w(-24).
14
Le